141
Calculate the greatest common divisor of 36 and 1721178.
18
Calculate the highest common divisor of 111051 and 88695.
243
Calculate the highest common divisor of 255 and 103164024.
51
Calculate the highest common divisor of 3259 and 1040308649.
3259
Calculate the highest common divisor of 81409908 and 38.
38
Calculate the greatest common factor of 18964 and 2519176.
44
What is the highest common divisor of 2 and 6385586?
2
What is the greatest common factor of 48239462 and 236?
118
Calculate the highest common factor of 5 and 48908195.
5
What is the greatest common factor of 93711 and 1245?
3
Calculate the highest common divisor of 28683954 and 74.
74
Calculate the greatest common divisor of 12375 and 14154750.
1125
Calculate the greatest common divisor of 1614460 and 293700.
1780
Calculate the highest common divisor of 968 and 13553452.
484
Calculate the highest common divisor of 1104966 and 31280.
782
Calculate the greatest common factor of 790437 and 37887.
519
What is the greatest common factor of 4168439 and 22?
11
What is the greatest common divisor of 921645 and 1305?
45
Calculate the highest common divisor of 285 and 3754495.
95
Calculate the highest common factor of 263816 and 9702.
98
Calculate the highest common divisor of 9718 and 2619517.
43
What is the greatest common divisor of 143394172 and 1834?
262
Calculate the greatest common divisor of 939 and 887056711.
313
Calculate the highest common divisor of 1309154 and 10318.
154
What is the greatest common factor of 5286 and 749116062?
5286
What is the greatest common divisor of 362 and 12312?
2
Calculate the highest common factor of 171 and 38452428.
171
What is the highest common divisor of 426783 and 147?
21
Calculate the highest common divisor of 388502 and 425961.
47
What is the greatest common divisor of 33392 and 15536?
16
Calculate the greatest common factor of 3844923 and 1686.
843
Calculate the greatest common factor of 127499093 and 1082.
541
What is the greatest common divisor of 840 and 1505245?
35
What is the highest common factor of 64 and 9398848?
64
Calculate the greatest common factor of 2380 and 119924.
28
What is the highest common divisor of 2631503 and 2911?
41
Calculate the greatest common divisor of 24217 and 176665.
397
What is the greatest common factor of 1216 and 1277248?
64
Calculate the greatest common factor of 78621 and 11387839.
359
Calculate the highest common divisor of 6729263 and 290071.
1921
Calculate the greatest common factor of 3114284 and 9316.
548
What is the greatest common factor of 221279 and 2?
1
Calculate the highest common factor of 6120 and 3102075.
765
Calculate the highest common factor of 276 and 95208546.
138
What is the highest common factor of 14328 and 25273?
199
Calculate the greatest common factor of 4606592 and 7192.
232
What is the greatest common factor of 163242 and 4998?
6
What is the greatest common factor of 57490370 and 140?
70
What is the highest common factor of 2803633 and 9541?
203
Calculate the highest common factor of 319658 and 3878.
554
Calculate the highest common divisor of 6695 and 16520685.
515
Calculate the greatest common divisor of 3658 and 4615334.
118
What is the highest common divisor of 6256767 and 99?
33
What is the highest common divisor of 51648105 and 165?
15
Calculate the greatest common factor of 2224389035 and 1705.
1705
Calculate the greatest common factor of 342 and 792530223.
57
What is the greatest common divisor of 3040 and 789350?
10
Calculate the highest common factor of 80713400 and 800.
200
What is the highest common divisor of 1234785 and 1370493?
789
Calculate the greatest common divisor of 530119018 and 572.
286
What is the greatest common divisor of 11997 and 22752504?
387
Calculate the highest common factor of 2338 and 1003023.
7
What is the greatest common divisor of 24816 and 1061808?
528
What is the greatest common factor of 4720 and 12315365?
295
Calculate the highest common factor of 2187 and 431689743.
2187
What is the greatest common divisor of 51319 and 1241?
73
What is the greatest common divisor of 1359 and 2467038?
453
What is the highest common factor of 334668 and 51436?
668
Calculate the highest common divisor of 678 and 250719880.
226
Calculate the greatest common factor of 152465889 and 4470.
447
Calculate the greatest common divisor of 76220 and 1969880.
740
What is the highest common divisor of 1917 and 765153?
27
Calculate the greatest common divisor of 61 and 159814.
1
Calculate the greatest common factor of 38052270 and 90.
90
What is the highest common divisor of 6766 and 194247084?
398
Calculate the greatest common divisor of 92827 and 752003.
1043
What is the highest common divisor of 25714540 and 2431?
17
What is the greatest common factor of 909251452 and 15965?
3193
Calculate the highest common factor of 671255035 and 275.
55
Calculate the highest common divisor of 147257700 and 120.
60
What is the greatest common factor of 83189120 and 128?
128
What is the highest common factor of 1985641 and 67459?
2933
What is the highest common divisor of 724035411 and 132?
33
What is the highest common divisor of 872 and 12661384?
8
What is the greatest common factor of 139380 and 337197388?
9292
Calculate the greatest common divisor of 16 and 913656.
8
Calculate the greatest common divisor of 251906 and 8339.
31
Calculate the highest common factor of 3258 and 2124.
18
Calculate the highest common factor of 39904911 and 317.
317
Calculate the highest common divisor of 32 and 2307146.
2
Calculate the greatest common factor of 5975 and 754708225.
5975
What is the greatest common divisor of 30843 and 2735919?
207
Calculate the highest common divisor of 93 and 1138721202.
93
What is the greatest common factor of 23191 and 2527?
7
Calculate the greatest common divisor of 8323 and 55138686.
1189
What is the greatest common divisor of 185 and 42397745?
185
What is the greatest common factor of 2124 and 759731436?
2124
What is the highest common divisor of 1397115 and 35?
5
What is the greatest common divisor of 14 and 1965886?
2
Calculate the highest common divisor of 215822888 and 136.
136
What is the greatest common divisor of 945 and 61104510?
135
Calculate the greatest common divisor of 314 and 130491178.
314
Calculate the greatest common divisor of 188908 and 6225.
83
What is the greatest common divisor of 1257795 and 616?
77
What is the greatest common divisor of 15078240 and 792?
72
Calculate the greatest common factor of 57837 and 2041.
13
Calculate the highest common divisor of 17 and 43405505.
17
What is the highest common divisor of 515952 and 2592?
144
Calculate the greatest common factor of 729 and 27675027.
729
Calculate the highest common divisor of 388 and 32112.
4
What is the greatest common divisor of 715893 and 352089?
213
What is the highest common divisor of 156821640 and 9205?
1315
What is the highest common divisor of 317 and 323060723?
317
What is the highest common factor of 28 and 4055276?
4
What is the highest common divisor of 29261 and 648787?
1009
Calculate the greatest common divisor of 43 and 838561834.
43
What is the greatest common divisor of 14691 and 1488216?
177
What is the greatest common divisor of 7191 and 475497?
9
What is the highest common divisor of 1347 and 19147156?
449
Calculate the greatest common factor of 6412 and 527284408.
6412
What is the highest common factor of 336005 and 474385?
85
Calculate the highest common divisor of 14352 and 23483.
23
Calculate the greatest common divisor of 7442603 and 121114.
1477
What is the greatest common factor of 96 and 3265856?
32
What is the highest common divisor of 169 and 123039787?
13
Calculate the greatest common factor of 700550 and 13800.
50
Calculate the greatest common factor of 38136 and 62419098.
9534
Calculate the greatest common factor of 213911 and 1394.
17
Calculate the highest common factor of 175472221 and 17771.
1367
Calculate the greatest common divisor of 18321350 and 15250.
3050
Calculate the highest common factor of 1233777706 and 3758.
3758
Calculate the highest common factor of 20043023 and 154.
77
What is the greatest common divisor of 608 and 253404?
4
What is the highest common factor of 53808582 and 1073?
37
Calculate the greatest common divisor 